multiple of 1206?
True
Is 850 a factor of 401800315?
False
Does 7 divide 17610487?
False
Is 264 a factor of 843946216?
False
Does 618 divide 64728919?
False
Is 428528611 a multiple of 3677?
True
Does 16 divide 23365840?
True
Is 194 a factor of 1688607234?
True
Does 189 divide 155548286?
False
Is 2702 a factor of 305996096?
True
Is 189 a factor of 31851603?
True
Is 135 a factor of 279029092?
False
Does 699 divide 214316895?
True
Is 665 a factor of 842858905?
True
Does 159 divide 56507758?
False
Does 1328 divide 136528546?
False
Does 643 divide 6963047?
True
Does 10 divide 2055062029?
False
Does 92 divide 312800?
True
Is 42905756 a multiple of 39?
False
Does 134 divide 78102034?
True
Does 49 divide 3856055?
True
Is 6 a factor of 33262784?
False
Is 2 a factor of 8689865?
False
Is 228 a factor of 61598398?
False
Does 59 divide 1115454813?
False
Is 62057700 a multiple of 282?
False
Does 3205 divide 782666098?
False
Is 1129727063 a multiple of 7?
False
Does 56 divide 184700096?
True
Is 72469726 a multiple of 343?
True
Does 696 divide 280023072?
True
Is 68 a factor of 387825896?
True
Is 1307900814 a multiple of 18?
False
Is 7 a factor of 48601462?
True
Does 123 divide 21462789?
False
Does 9 divide 697190815?
False
Is 160098939 a multiple of 231?
True
Is 239 a factor of 991851405?
False
Is 416 a factor of 949923104?
True
Is 85252199 a multiple of 164?
False
Does 100 divide 17304339?
False
Does 3 divide 949134186?
True
Is 14080454 a multiple of 6613?
False
Is 101527110 a multiple of 2034?
True
Does 20 divide 272266269?
False
Does 21 divide 312028330?
False
Is 10627794 a multiple of 114?
False
Does 140 divide 3281367?
False
Does 84 divide 45990252?
True
Is 67586190 a multiple of 161?
True
Does 334 divide 87157104?
False
Is 29112684 a multiple of 4?
True
Is 3941 a factor of 123340262?
False
Is 61562107 a multiple of 3881?
False
Does 4 divide 4566024?
True
Does 773 divide 182364614?
True
Is 10 a factor of 402530468?
False
Is 24 a factor of 505408824?
True
Is 3869 a factor of 351990013?
True
Does 14 divide 97392078?
True
Does 620 divide 2626233182?
False
Is 669456829 a multiple of 6?
False
Does 2783 divide 470224029?
True
Does 21 divide 720294385?
False
Is 1539 a factor of 146536704?
False
Is 6 a factor of 4533860?
False
Is 24787202 a multiple of 60?
False
Does 58 divide 32821852?
True
Does 4 divide 75316796?
True
Does 351 divide 105741065?
False
Is 3311757 a multiple of 60?
False
Is 1585 a factor of 473789785?
True
Is 19004474 a multiple of 1603?
False
Does 6508 divide 312260348?
True
Is 1123 a factor of 30175010?
True
Is 1383 a factor of 3543879071?
False
Is 256 a factor of 36264853?
False
Is 298 a factor of 114512520?
False
Is 1136629982 a multiple of 18?
False
Is 43 a factor of 1842047643?
False
Does 2335 divide 219819235?
True
Is 21960453 a multiple of 616?
False
Is 7439469 a multiple of 19?
True
Is 37 a factor of 1763403399?
False
Does 59 divide 4063920?
True
Is 45 a factor of 7728570?
True
Is 41845220 a multiple of 40?
False
Is 366 a factor of 50090760?
True
Is 16 a factor of 252705120?
True
Does 11 divide 14432682?
True
Does 24 divide 2244120466?
False
Does 31 divide 746516022?
True
Is 73278432 a multiple of 1663?
True
Is 848951392 a multiple of 1538?
True
Does 6716 divide 860326533?
False
Does 1149 divide 168301800?
False
Is 839 a factor of 91911915?
False
Is 10 a factor of 126607646?
False
Is 177629993 a multiple of 14?
False
Is 17 a factor of 1202055363?
True
Does 3363 divide 649746869?
False
Is 37 a factor of 115578351?
False
Does 1116 divide 253320374?
False
Is 13164116 a multiple of 2?
True
Is 30218880 a multiple of 320?
True
Does 4761 divide 590273548?
False
Does 25 divide 42335975?
True
Does 50 divide 97733962?
False
Does 1556 divide 41199768?
True
Does 7 divide 77588190?
False
Does 5463 divide 821950229?
False
Is 5 a factor of 2814863852?
False
Does 52 divide 413786168?
False
Does 6 divide 1932630022?
False
Does 459 divide 34088495?
False
Is 844190700 a multiple of 12?
True
Does 2 divide 22136632?
True
Does 15 divide 18919934?
False
Does 186 divide 239386806?
False
Is 23722982 a multiple of 46?
True
Is 38 a factor of 38760471?
False
Is 1348 a factor of 17148361?
False
Is 280 a factor of 47159003?
False
Is 94 a factor of 698657551?
False
Is 146280981 a multiple of 57?
True
Is 126740096 a multiple of 896?
True
Is 34538741 a multiple of 92?
False
Is 175797804 a multiple of 1603?
True
Is 92546606 a multiple of 138?
False
Does 2 divide 948674?
True
Does 520 divide 26556351?
False
Is 357567070 a multiple of 14?
True
Is 112071504 a multiple of 12?
True
Is 48 a factor of 358747776?
True
Is 70029108 a multiple of 12?
True
Does 14 divide 214624312?
True
Is 23112747 a multiple of 21?
True
Is 26054080 a multiple of 520?
True
Does 3683 divide 417401756?
True
Is 327 a factor of 128005885?
False
Does 949 divide 167134560?
False
Is 499609509 a multiple of 7?
True
Is 112246716 a multiple of 1564?
True
Does 59 divide 164990019?
True
Is 20 a factor of 157963300?
True
Does 13 divide 698133524?
False
Is 1353795 a multiple of 5?
True
Is 47597090 a multiple of 42?
False
Is 100160250 a multiple of 4827?
True
Is 23 a factor of 58218566?
True
Does 76 divide 5888501660?
True
Does 144 divide 8368950?
False
Is 4 a factor of 6748361?
False
Does 360 divide 51058800?
True
Is 3 a factor of 83250903?
True
Does 39 divide 168703704?
True
Is 700 a factor of 23422663?
False
Is 2851 a factor of 476490481?
True
Does 1630 divide 12071780?
True
Does 473 divide 3497362?
True
Is 793 a factor of 135410301?
True
Does 1591 divide 1993523?
True
Does 19 divide 3051207772?
False
Does 11 divide 115591022?
False
Is 47 a factor of 50929200?
True
Is 4329985 a multiple of 935?
True
Is 18 a factor of 1033562430?
True
Does 4 divide 48101920?
True
Is 1451 a factor of 218159488?
False
Is 478519426 a multiple of 200?
False
Is 2603 a factor of 81345009?
False
Does 16 divide 1008220768?
True
Is 1404028095 a multiple of 15?
True
Does 9 divide 99931313?
False
Is 210020925 a multiple of 947?
True
Does 174 divide 33992640?
True
Does 4 divide 20240292?
True
Is 581 a factor of 737754381?
True
Is 134579536 a multiple of 104?
True
Does 416 divide 852446816?
True
Does 285 divide 62754720?
True
Is 299560680 a multiple of 17?
False
Does 145 divide 1351541648?
False
Is 41570916 a multiple of 6?
True
Is 77 a factor of 98143815?
True
Does 11 divide 16951902?
True
Is 840 a factor of 1241114982?
False
Is 282 a factor of 898033454?
False
Is 24 a factor of 552445084?
False
Is 4103 a factor of 64581220?
True
Is 164003368 a multiple of 43?
False
Is 96 a factor of 6011040?
True
Is 744505 a multiple of 37?
False
Does 107 divide 318865136?
True
Is 16362038 a multiple of 758?
False
Does 244 divide 27900641?
False
Is 7 a factor of 1499123479?
True
Does 12 divide 5797625472?
True
Does 255 divide 82577562?
False
Does 634 divide 87559838?
True
Does 31 divide 463787185?
False
Does 3 divide 5372953?
False
Does 780 divide 1151397362?
False
Is 33 a factor of 178041468?
True
Is 2480 a factor of 2916492878?
False
Is 73700573 a multiple of 154?
False
Does 3263 divide 1847239771?
True
Does 2847 divide 563347278?
True
Does 16 divide 1066360768?
True
Is 3 a factor of 44490852?
True
Is 1501 a factor of 107237643?
False
Is 34280718 a multiple of 2507?
True
Is 555290104 a multiple of 9?
False
Is 2632 a factor of 882675416?
True
Does 316 divide 456746084?
True
Does 172 divide 4160307925?
False
Does 285 divide 282994204?
False
Is 3314933 a multiple of 47?
False
Is 972555090 a multiple of 390?
True
Does 2913 divide 95068771?
False
Is 27 a factor of 163957932?
True
Does 14 divide 75168577?
False
Is 4702024358 a multiple of 5422?
False
Is 846113168 a multiple of 8?
True
Is 1171807807 a multiple of 17?
True
Does 8 divide 325980013?
False
Is 83086430 a multiple of 4?
False
Is 5 a factor of 36979365?
True
Does 347 divide 129772052?
False
Does 25 divide 819741?
False
Is 5687871 a multiple of 180?
False
Does 543 divide 332848212?
False
Is 7 a factor of 146312691?
True
Is 4 a factor of 49696441?
False
Is 40 a factor of 40207040?
True
Does 1808 divide 86185552?
True
Is 349908620 a multiple of 298?
True
Does 13 divide 96418556?
True
Is 11 a factor of 373388867?
False
Is 89115330 a multiple of 10?
True
Is 120169968 a multiple of 464?
True
Does 632 d